5*k + 5*y = 6*k - 1344. Suppose k - 6067 = -12*t. Is t prime?
False
Let a = -1712 + 8233. Is a a prime number?
True
Suppose 0 = 5*q + 75 - 0. Let x be (6/4)/(q/(-10)). Let h(i) = 67*i. Is h(x) prime?
True
Suppose 0*j = -t + j + 7, 5*t = -3*j + 3. Suppose -1338 = -t*z + 5*a - 4*a, -4*z + 1776 = -4*a. Suppose -z = -3*d + 222. Is d prime?
True
Let k(n) = 137*n**3 - 14*n + 31. Is k(2) a prime number?
False
Suppose -2*w = 3*w - 3*b - 5394, 3*w - 3250 = -5*b. Let c = w - 229. Is c a prime number?
False
Let q = 134 - -50. Let x(b) = -b**3 + 18*b**2 - 2*b + 39. Let f be x(18). Suppose -f*y + q = -107. Is y composite?
False
Suppose -3*b + 3*p - 79 = 632, 927 = -4*b - 3*p. Let x = b - -471. Is x composite?
True
Let r = -93 + 52. Suppose 9*i - 6*i = 396. Let k = r + i. Is k composite?
True
Is (2 - (4 + -15678)) + 7 a composite number?
False
Suppose 6*k - 2*g = 2*k + 40, k + 3*g - 3 = 0. Is 8/(-36) - (-11549)/k a composite number?
False
Is 3768/(-14)*(-770)/2 + -7 composite?
False
Suppose 16*q - 13*q = 7287. Is q composite?
True
Let s be 4 + -2 + (-1)/1. Is (5844/(-20))/(s/(-5)) a composite number?
True
Let k = -14296 - -25009. Is k prime?
False
Let f = -3269 - -1655. Let n be f/30 + 1/(-5). Let z = n + 277. Is z prime?
True
Let q(i) = 7804*i**2 - 6*i - 2. Let y be q(-1). Suppose y = 8*v + 552. Is v a composite number?
False
Let i(s) = 2*s - 2. Let y be i(8). Let u be y/35 + (-33)/(-5). Suppose u = -2*o + 57. Is o a prime number?
False
Let p(j) = j**3 - 20*j**2 - 32*j + 1. Is p(22) a composite number?
True
Let j(c) = -c**3 + 14*c**2 + 16*c - 14. Let a = 18 + -3. Let f be j(a). Is (-2 - (-3)/f)*191 a composite number?
False
Let m = -30584 - -62780. Suppose -17*f = -5*f - m. Is f a composite number?
False
Let o(l) = 2*l**3 + 10*l**2 + 6*l - 4. Let a be o(-4). Suppose 0 = a*s + 2*s - 7314. Is s composite?
True
Suppose -3*k = -3*a + 11760, -2*a - k - 39 = -7894. Suppose -2*i + 5*f = 3*i - a, -3*f + 6 = 0. Is i a prime number?
True
Suppose -4*g + 7364 = 4*l, 4*l - 542 = 2*g - 4236. Is g a prime number?
False
Let f(k) = -211*k. Let j(y) = y + 7. Let i be j(-4). Suppose -2*o - i - 1 = 0. Is f(o) a prime number?
False
Let j(t) = 544*t**2 - 4*t + 5. Is j(3) a composite number?
False
Let b(m) = -28 - 7*m**2 + 5*m + 23 - m - 6*m**3. Let h be b(5). Is 3/(-1) + h/(-7) composite?
False
Let r(g) = -g**3 + 5*g**2 + g + 4. Let v be r(5). Suppose 4 = 4*z, 0 = -5*m + z + 28 - v. Suppose -100 = -m*y + 56. Is y prime?
False
Let w(d) = d**3 - 4*d**2 - 13*d + 8. Let f be w(6). Let a be f + -2 + (-35)/(-7). Suppose -844 = 3*o - a*o. Is o prime?
False
Suppose -20 = 5*o, x - 69 = -0*x - 2*o. Let f = x + -128. Is ((-11)/(-3))/((-1)/f) a composite number?
True
Let j(k) = -k**3 - 3*k**2 + 7*k + 3. Let o be j(-5). Suppose -15*s + o*s = 9. Is s prime?
True
Let k(m) = 101*m**2 + 16*m - 181. Is k(16) composite?
False
Let z(w) = -18*w + 17. Let d be z(-7). Let q = -78 + d. Is q composite?
True
Let a(b) = -2*b**2 + 28*b - 4. Let h be a(14). Is 11166/10 + h*1/(-10) composite?
False
Let h(a) = -69*a + 16. Let i be (5 - (-78)/(-24))/(2/(-8)). Is h(i) a composite number?
False
Is 2049/(-2)*((-20)/3 - -2) a composite number?
True
Suppose 0 = -0*m - 6*m + 312942. Is m composite?
True
Let x = 6550 - 9787. Let o = -1676 - x. Is o prime?
False
Let b be (-6)/(-4*(-1)/(-382)). Suppose -k = -b - 181. Suppose -s + 5*a - k = -4*s, 0 = 2*s + 5*a - 501. Is s composite?
True
Let z(i) = 2*i**3 - 14*i**2 + 29*i + 41. Is z(24) a composite number?
True
Let l(g) = -2*g**2 - 7 - 2*g**2 + 2*g**3 - 2*g - 4*g. Is l(5) prime?
True
Let a(x) = -6*x**2 - 5*x - 6. Let i(j) = -7*j**2 - 6*j - 7. Let n(y) = -6*a(y) + 5*i(y). Let c be n(0). Is (-1)/(1*c/(-307)) prime?
True
Let c(i) = 9*i - 15*i**3 + 9*i**2 - 4*i**2 + 5 + 0. Is c(-4) composite?
False
Suppose -2*a - 3*a = -55. Let g(v) = -v**3 + 10*v**2 + 12*v - 8. Is g(a) composite?
False
Let d(l) = -l**3 - 2*l**2 + 3*l - 27. Is d(-23) a prime number?
False
Let t(v) = v**3 - 8*v**2. Let j be t(8). Suppose j = 4*f - 2*f. Suppose 9 = 2*x - g, f*g - 26 = -3*x - g. Is x prime?
True
Is ((-2)/15*5)/(6/(-33219)) composite?
False
Let q(b) = -b + 5. Let p be q(5). Let r(u) = u**2 + u + 564. Let f be r(p). Let c = f - 95. Is c a composite number?
True
Let m(q) = -q**3 + 4*q**2 + 7*q - 10. Suppose -4*c = -f - 15, -35 = -2*f - 7*c + 2*c. Let t be m(f). Suppose x = d + 270, -x - d + 212 + 66 = t. Is x prime?
False
Let v(j) = 12*j**2 + 6*j - 4. Let b(t) = -t**2 + 1. Let h be -4 + 3/3 + 2. Let k(d) = h*b(d) + v(d). Is k(-6) prime?
False
Let d = 6865 + 23584. Is d prime?
True
Let a(v) be the first derivative of 11*v**2 + 23*v - 14. Is a(11) prime?
False
Suppose 297*o + 127485 = 312*o. Is o composite?
True
Is (-8)/((-56)/(-21)) + 9820/2 a prime number?
False
Let p(t) = t**3 - 7*t**2 + 8*t - 10. Let m be p(6). Let x be (m + 14/(-4))*-402. Let n = -46 + x. Is n composite?
False
Suppose -1251 = -6*w - 171. Suppose 3*a = -2*a - w. Let y = -26 - a. Is y a prime number?
False
Is (-80754)/(-42) - (-2)/7 a prime number?
False
Let t = 39 - 145. Suppose 2*m + 4*r - 796 = -2*m, 2*m - 2*r = 406. Let k = m - t. Is k a prime number?
True
Let x(m) = 20 + 78*m - 411*m + 0. Is x(-3) prime?
True
Is (3673 + -2)/((13 - 5) + -7) a prime number?
True
Let r = 9267 - 5394. Is r composite?
True
Let n(l) = 2*l - 8. Let s be n(4). Suppose 14776 = -s*j + 8*j. Is j prime?
True
Suppose 0 = -5*l + 4*l + 8501. Is l a composite number?
False
Let q be 4/(-6)*(126975/(-5))/5. Let n = -1167 + q. Is n a prime number?
False
Is 2/((-8)/(-220)*(-20)/(-1388)) a composite number?
True
Let t(r) = 2 - 4 - 20*r + 241*r. Let v be t(-4). Let b = -255 - v. Is b a prime number?
True
Let w = 8126 + -4849. Is w composite?
True
Suppose -5*p = -2*p - 15. Suppose 3*n - n = 0, 15775 = 5*k - p*n. Is k composite?
True
Let q = -3293 - -21774. Is q prime?
True
Let t(i) = 11027*i**3 + i - 1. Is t(1) a prime number?
True
Suppose 10*y = 14899 - 2819. Let w = 571 + -1372. Let h = w + y. Is h a prime number?
False
Is ((-9070)/40)/(2/(5 + -93)) composite?
True
Suppose 0 = 14*l + 18*l - 60832. Is l a composite number?
False
Suppose 0 = -n + 1 + 4. Suppose n*q + 58 = 6*q. Is q a prime number?
False
Let o = 8295 - 5338. Is o a composite number?
False
Let p be -1 - 1 - (-1 + -10). Suppose -3*s = -p*s + 3018. Let u = -298 + s. Is u a prime number?
False
Is -2*(-5218)/(-2)*(-1)/2 prime?
True
Suppose -16806 = 14*n - 86848. Is n composite?
False
Suppose 3*m + 24 = 6*m. Let j(n) = -n**2 + 10*n + 7. Let f be j(m). Suppose -f = 2*c - 3*c. Is c prime?
True
Suppose -2*s = -7*s - 1775. Let l = 1978 - s. Is l composite?
False
Let j be ((-4)/6)/((-24)/108). Suppose -j*b - 3*b + 3894 = 0. Is b prime?
False
Suppose -4*h = -5*h + 43154. Is h prime?
False
Let s(d) = d**3 + 8*d**2 - 10*d - 7. Let p be s(-9). Let x be (-1)/2 + 17/p. Is x/12 + 3216/9 a prime number?
False
Is (-3 + 2316/(-4))*1/(-6) a prime number?
True
Let i = -401 - -895. Suppose -3*t + 0*t = 4*w - i, -4*w = 4*t - 652. Is t prime?
False
Let w = 35 + -32. Let t be 4/(4 + (1 - w)). Suppose t*x - 134 - 312 = 0. Is x prime?
True
Let r be (-1148)/(-5) - (-6)/(-10). Let s = 459 - r. Let p = s - 51. Is p a composite number?
False
Let i(f) = f**3 - 2*f**2 - f + 389. Let d(h) = h**2 - 2*h - 15. Let k be d(5). Is i(k) prime?
True
Let c = 16668 - 8521. Is c a composite number?
False
Let a be 18/45 - 34/10. Let o be -12*a*1/6. Suppose o*i - i - 425 = 0. Is i prime?
False
Let w(r) be the third derivative of 2*r**5/5 + 7*r**4/24 + 3*r**3/2 - 2*r**2. Let q(f) be the first derivative of w(f). Is q(9) prime?
True
Let q be (-2 + 4 - 1)/((-13)/169). Let p(s) = -134*s + 17. Is p(q) composite?
False
Is 3/(105/10) - 46332/(-28) a composite number?
True
Suppose -5*k = 3 - 18. Suppose 102 + 165 = k*j. Is j prime?
True
Let z be 16/(-10) + 2 - 80614/85. Let p = z + 1913. Is p prime?
False
Let t(g) = -g**2 + g - 1. Let n(v) = 7*v**3 - v + 1. Let y(o) = n(o) - 3*t(o). Is y(5) a composite number?
True
Let v = 7 - 5. Suppose 0 = i - 2*q - 667, i + v*i = -4*q + 2011. Suppose -191 = -a + 5*d, 5*a - 286 - i = -3*d. Is a a composite number?
False
Let b = -198 + 85. Suppose 5304 = 13*m - m. Let v = b + m. Is v a composite number?
True
Suppose 2*p + 4*k - 2426 = 0, 585 = 3*p + 2*k - 3062. Is p a composite number?
False
Let m = 14109 + -3568